{"id":152,"date":"2024-03-27T09:53:32","date_gmt":"2024-03-27T09:53:32","guid":{"rendered":"https:\/\/zen-dojo-luebeck.de\/?page_id=152"},"modified":"2024-03-27T10:11:54","modified_gmt":"2024-03-27T10:11:54","slug":"zen-texte-unterweisungen","status":"publish","type":"page","link":"https:\/\/zen-dojo-luebeck.de\/?page_id=152","title":{"rendered":"ZEN Texte \/ Unterweisungen"},"content":{"rendered":"\n<p class=\"has-text-align-center has-large-font-size\"><strong>SANDOKAI<\/strong><\/p>\n\n\n\n<p class=\"has-text-align-center has-medium-font-size\">Die Harmonie von<\/p>\n\n\n\n<p class=\"has-text-align-center has-medium-font-size\">Verschiedenheit<\/p>\n\n\n\n<p class=\"has-text-align-center has-medium-font-size\">und Gleichheit<\/p>\n\n\n\n<p class=\"has-text-align-center has-small-font-size\">Der Geist des gro\u00dfen Weisen aus Indien<\/p>\n\n\n\n<p class=\"has-text-align-center has-small-font-size\">wurde direkt von Westen nach Osten \u00fcbermittelt.<\/p>\n\n\n\n<p class=\"has-text-align-center has-small-font-size\">Die F\u00e4higkeiten des Menschen k\u00f6nnen brillant oder stumpf sein,<\/p>\n\n\n\n<p class=\"has-text-align-center has-small-font-size\">doch kennt der Weg keine n\u00f6rdlichen oder s\u00fcdlichen Patriarchen.<\/p>\n\n\n\n<p class=\"has-text-align-center has-small-font-size\">Die spirituelle Quelle leuchtet klar im Licht;<\/p>\n\n\n\n<p class=\"has-text-align-center has-small-font-size\">B\u00e4che, die sich verzweigen, flie\u00dfen in der Dunkelheit.<\/p>\n\n\n\n<p class=\"has-text-align-center has-small-font-size\">Nach den Dingen greifen ist sicherlich T\u00e4uschung,<\/p>\n\n\n\n<p class=\"has-text-align-center has-small-font-size\">mit der Gleichheit in Einklang sein ist noch keine Erleuchtung.<\/p>\n\n\n\n<p class=\"has-text-align-center has-small-font-size\">Alle Objekte der Sinne<\/p>\n\n\n\n<p class=\"has-text-align-center has-small-font-size\">stehen in Beziehung zueinander und auch nicht.<\/p>\n\n\n\n<p class=\"has-text-align-center has-small-font-size\">In Beziehung treten f\u00fchrt zu Verstrickung;<\/p>\n\n\n\n<p class=\"has-text-align-center has-small-font-size\">aber trotzdem bleibt alles an seinem Ort.<\/p>\n\n\n\n<p class=\"has-text-align-center has-small-font-size\">Anblicke unterscheiden sich in Art und Form,<\/p>\n\n\n\n<p class=\"has-text-align-center has-small-font-size\">Kl\u00e4nge sind angenehm oder unangenehm.<\/p>\n\n\n\n<p class=\"has-text-align-center has-small-font-size\">Geistvolle und gew\u00f6hnliche Rede kommen in der Dunkelheit zusammen,<\/p>\n\n\n\n<p class=\"has-text-align-center has-small-font-size\">klare und unverst\u00e4ndliche \u00c4u\u00dferungen lassen sich im Licht unterscheiden.<\/p>\n\n\n\n<p class=\"has-text-align-center has-small-font-size\"><br>Die vier Elemente kehren zu ihren Naturen zur\u00fcck<\/p>\n\n\n\n<p class=\"has-text-align-center has-small-font-size\">wie ein Kind zu seiner Mutter.<\/p>\n\n\n\n<p class=\"has-text-align-center has-small-font-size\">Feuer erhitzt, Wind bewegt,<\/p>\n\n\n\n<p class=\"has-text-align-center has-small-font-size\">Wasser n\u00e4\u00dft und Erde ist fest.<\/p>\n\n\n\n<p class=\"has-text-align-center has-small-font-size\">Auge und Anblicke, Ohr und Kl\u00e4nge,<\/p>\n\n\n\n<p class=\"has-text-align-center has-small-font-size\">Nase und Ger\u00fcche, Zunge und Geschm\u00e4cke.<\/p>\n\n\n\n<p class=\"has-text-align-center has-small-font-size\"><br>So sprie\u00dfen diesen Wurzeln entsprechen<\/p>\n\n\n\n<p class=\"has-text-align-center has-small-font-size\">aus jedem Ding die Bl\u00e4tter.<\/p>\n\n\n\n<p class=\"has-text-align-center has-small-font-size\">Stamm und Zweige haben dieselbe Essenz;<\/p>\n\n\n\n<p class=\"has-text-align-center has-small-font-size\">hochangesehen und gew\u00f6hnlich ihre je eigene Sprache.<\/p>\n\n\n\n<p class=\"has-text-align-center has-small-font-size\">Im Licht da ist Dunkelheit, doch betrachte sie nicht als Dunkelheit.<br>Im Dunkel da ist Licht, doch sieh es nicht als Licht.<\/p>\n\n\n\n<p class=\"has-text-align-center has-small-font-size\">Licht und Dunkel sind einander entgegengesetzt<\/p>\n\n\n\n<p class=\"has-text-align-center has-small-font-size\">wie beim Gehen der vordere und der hintere Fu\u00df.<\/p>\n\n\n\n<p class=\"has-text-align-center has-small-font-size\">Unter all den unz\u00e4hligen Dingen hat ein jedes sein Verdienst,<\/p>\n\n\n\n<p class=\"has-text-align-center has-small-font-size\">das Funktion und Ort entsprechend Ausdruck findet.<\/p>\n\n\n\n<p class=\"has-text-align-center has-small-font-size\">Ph\u00e4nomene existieren; Beh\u00e4lter und Deckel passen zusammen;<\/p>\n\n\n\n<p class=\"has-text-align-center has-small-font-size\">Wahrheit zeigt sich; Pfeilspitzen treffen aufeinander.<\/p>\n\n\n\n<p class=\"has-text-align-center has-small-font-size\">Wenn du diese Worte h\u00f6rst, so verstehe den Sinn;<\/p>\n\n\n\n<p class=\"has-text-align-center has-small-font-size\">entwickle keine eigenen Ma\u00dfst\u00e4be.<\/p>\n\n\n\n<p class=\"has-text-align-center has-small-font-size\">Verstehst du nicht den Weg, der sich direkt vor dir befindet,<\/p>\n\n\n\n<p class=\"has-text-align-center has-small-font-size\">wie willst du ihn dann beim Gehen erkennen?<\/p>\n\n\n\n<p class=\"has-text-align-center has-small-font-size\">Fortschritt ist keine Frage von fern und nah,<\/p>\n\n\n\n<p class=\"has-text-align-center has-small-font-size\">doch bist du verwirrt, versperren dir Berge und Fl\u00fcsse den Weg.<\/p>\n\n\n\n<p class=\"has-text-align-center has-small-font-size\">Alle, die das Geheimnis ergr\u00fcnden,<\/p>\n\n\n\n<p class=\"has-text-align-center has-small-font-size\">flehe ich respektvoll an:<\/p>\n\n\n\n<p class=\"has-text-align-center has-small-font-size\">Vergeudet eure Tage und N\u00e4chte nicht.<\/p>\n\n\n\n<p class=\"has-text-align-center has-small-font-size\"><\/p>\n\n\n\n<figure class=\"wp-block-gallery columns-1 is-cropped wp-block-gallery-1 is-layout-flex wp-block-gallery-is-layout-flex\"><ul class=\"blocks-gallery-grid\"><li class=\"blocks-gallery-item\"><figure><img loading=\"lazy\" decoding=\"async\" width=\"1024\" height=\"768\" src=\"https:\/\/zen-dojo-luebeck.de\/wp-content\/uploads\/2024\/03\/IMG_20220605_101947-1024x768.jpg\" alt=\"\" data-id=\"163\" data-link=\"https:\/\/zen-dojo-luebeck.de\/?attachment_id=163\" class=\"wp-image-163\" srcset=\"https:\/\/zen-dojo-luebeck.de\/wp-content\/uploads\/2024\/03\/IMG_20220605_101947-1024x768.jpg 1024w, https:\/\/zen-dojo-luebeck.de\/wp-content\/uploads\/2024\/03\/IMG_20220605_101947-300x225.jpg 300w, https:\/\/zen-dojo-luebeck.de\/wp-content\/uploads\/2024\/03\/IMG_20220605_101947-768x576.jpg 768w, https:\/\/zen-dojo-luebeck.de\/wp-content\/uploads\/2024\/03\/IMG_20220605_101947-1536x1152.jpg 1536w, https:\/\/zen-dojo-luebeck.de\/wp-content\/uploads\/2024\/03\/IMG_20220605_101947-2048x1536.jpg 2048w\" sizes=\"auto, (max-width: 706px) 89vw, (max-width: 767px) 82vw, 740px\" \/><\/figure><\/li><\/ul><\/figure>\n\n\n\n<p class=\"has-text-align-center has-small-font-size\"><\/p>\n","protected":false},"excerpt":{"rendered":"<p>SANDOKAI Die Harmonie von Verschiedenheit und Gleichheit Der Geist des gro\u00dfen Weisen aus Indien wurde direkt von Westen nach Osten \u00fcbermittelt. Die F\u00e4higkeiten des Menschen k\u00f6nnen brillant oder stumpf sein, doch kennt der Weg keine n\u00f6rdlichen oder s\u00fcdlichen Patriarchen. Die spirituelle Quelle leuchtet klar im Licht; B\u00e4che, die sich verzweigen, flie\u00dfen in der Dunkelheit. Nach &hellip; <\/p>\n<p class=\"link-more\"><a href=\"https:\/\/zen-dojo-luebeck.de\/?page_id=152\" class=\"more-link\"><span class=\"screen-reader-text\">&#8222;ZEN Texte \/ Unterweisungen&#8220;<\/span> weiterlesen<\/a><\/p>\n","protected":false},"author":1,"featured_media":38,"parent":0,"menu_order":0,"comment_status":"closed","ping_status":"closed","template":"","meta":{"footnotes":""},"class_list":["post-152","page","type-page","status-publish","has-post-thumbnail","hentry"],"_links":{"self":[{"href":"https:\/\/zen-dojo-luebeck.de\/index.php?rest_route=\/wp\/v2\/pages\/152","targetHints":{"allow":["GET"]}}],"collection":[{"href":"https:\/\/zen-dojo-luebeck.de\/index.php?rest_route=\/wp\/v2\/pages"}],"about":[{"href":"https:\/\/zen-dojo-luebeck.de\/index.php?rest_route=\/wp\/v2\/types\/page"}],"author":[{"embeddable":true,"href":"https:\/\/zen-dojo-luebeck.de\/index.php?rest_route=\/wp\/v2\/users\/1"}],"replies":[{"embeddable":true,"href":"https:\/\/zen-dojo-luebeck.de\/index.php?rest_route=%2Fwp%2Fv2%2Fcomments&post=152"}],"version-history":[{"count":8,"href":"https:\/\/zen-dojo-luebeck.de\/index.php?rest_route=\/wp\/v2\/pages\/152\/revisions"}],"predecessor-version":[{"id":168,"href":"https:\/\/zen-dojo-luebeck.de\/index.php?rest_route=\/wp\/v2\/pages\/152\/revisions\/168"}],"wp:featuredmedia":[{"embeddable":true,"href":"https:\/\/zen-dojo-luebeck.de\/index.php?rest_route=\/wp\/v2\/media\/38"}],"wp:attachment":[{"href":"https:\/\/zen-dojo-luebeck.de\/index.php?rest_route=%2Fwp%2Fv2%2Fmedia&parent=152"}],"curies":[{"name":"wp","href":"https:\/\/api.w.org\/{rel}","templated":true}]}}

<p class="has-text-align-center has-large-font-size"><strong>SANDOKAI</strong></p>



<p class="has-text-align-center has-medium-font-size">Die Harmonie von</p>



<p class="has-text-align-center has-medium-font-size">Verschiedenheit</p>



<p class="has-text-align-center has-medium-font-size">und Gleichheit</p>



<p class="has-text-align-center has-small-font-size">Der Geist des großen Weisen aus Indien</p>



<p class="has-text-align-center has-small-font-size">wurde direkt von Westen nach Osten übermittelt.</p>



<p class="has-text-align-center has-small-font-size">Die Fähigkeiten des Menschen können brillant oder stumpf sein,</p>



<p class="has-text-align-center has-small-font-size">doch kennt der Weg keine nördlichen oder südlichen Patriarchen.</p>



<p class="has-text-align-center has-small-font-size">Die spirituelle Quelle leuchtet klar im Licht;</p>



<p class="has-text-align-center has-small-font-size">Bäche, die sich verzweigen, fließen in der Dunkelheit.</p>



<p class="has-text-align-center has-small-font-size">Nach den Dingen greifen ist sicherlich Täuschung,</p>



<p class="has-text-align-center has-small-font-size">mit der Gleichheit in Einklang sein ist noch keine Erleuchtung.</p>



<p class="has-text-align-center has-small-font-size">Alle Objekte der Sinne</p>



<p class="has-text-align-center has-small-font-size">stehen in Beziehung zueinander und auch nicht.</p>



<p class="has-text-align-center has-small-font-size">In Beziehung treten führt zu Verstrickung;</p>



<p class="has-text-align-center has-small-font-size">aber trotzdem bleibt alles an seinem Ort.</p>



<p class="has-text-align-center has-small-font-size">Anblicke unterscheiden sich in Art und Form,</p>



<p class="has-text-align-center has-small-font-size">Klänge sind angenehm oder unangenehm.</p>



<p class="has-text-align-center has-small-font-size">Geistvolle und gewöhnliche Rede kommen in der Dunkelheit zusammen,</p>



<p class="has-text-align-center has-small-font-size">klare und unverständliche Äußerungen lassen sich im Licht unterscheiden.</p>



<p class="has-text-align-center has-small-font-size"><br>Die vier Elemente kehren zu ihren Naturen zurück</p>



<p class="has-text-align-center has-small-font-size">wie ein Kind zu seiner Mutter.</p>



<p class="has-text-align-center has-small-font-size">Feuer erhitzt, Wind bewegt,</p>



<p class="has-text-align-center has-small-font-size">Wasser näßt und Erde ist fest.</p>



<p class="has-text-align-center has-small-font-size">Auge und Anblicke, Ohr und Klänge,</p>



<p class="has-text-align-center has-small-font-size">Nase und Gerüche, Zunge und Geschmäcke.</p>



<p class="has-text-align-center has-small-font-size"><br>So sprießen diesen Wurzeln entsprechen</p>



<p class="has-text-align-center has-small-font-size">aus jedem Ding die Blätter.</p>



<p class="has-text-align-center has-small-font-size">Stamm und Zweige haben dieselbe Essenz;</p>



<p class="has-text-align-center has-small-font-size">hochangesehen und gewöhnlich ihre je eigene Sprache.</p>



<p class="has-text-align-center has-small-font-size">Im Licht da ist Dunkelheit, doch betrachte sie nicht als Dunkelheit.<br>Im Dunkel da ist Licht, doch sieh es nicht als Licht.</p>



<p class="has-text-align-center has-small-font-size">Licht und Dunkel sind einander entgegengesetzt</p>



<p class="has-text-align-center has-small-font-size">wie beim Gehen der vordere und der hintere Fuß.</p>



<p class="has-text-align-center has-small-font-size">Unter all den unzähligen Dingen hat ein jedes sein Verdienst,</p>



<p class="has-text-align-center has-small-font-size">das Funktion und Ort entsprechend Ausdruck findet.</p>



<p class="has-text-align-center has-small-font-size">Phänomene existieren; Behälter und Deckel passen zusammen;</p>



<p class="has-text-align-center has-small-font-size">Wahrheit zeigt sich; Pfeilspitzen treffen aufeinander.</p>



<p class="has-text-align-center has-small-font-size">Wenn du diese Worte hörst, so verstehe den Sinn;</p>



<p class="has-text-align-center has-small-font-size">entwickle keine eigenen Maßstäbe.</p>



<p class="has-text-align-center has-small-font-size">Verstehst du nicht den Weg, der sich direkt vor dir befindet,</p>



<p class="has-text-align-center has-small-font-size">wie willst du ihn dann beim Gehen erkennen?</p>



<p class="has-text-align-center has-small-font-size">Fortschritt ist keine Frage von fern und nah,</p>



<p class="has-text-align-center has-small-font-size">doch bist du verwirrt, versperren dir Berge und Flüsse den Weg.</p>



<p class="has-text-align-center has-small-font-size">Alle, die das Geheimnis ergründen,</p>



<p class="has-text-align-center has-small-font-size">flehe ich respektvoll an:</p>



<p class="has-text-align-center has-small-font-size">Vergeudet eure Tage und Nächte nicht.</p>



<p class="has-text-align-center has-small-font-size"></p>



<figure class="wp-block-gallery columns-1 is-cropped wp-block-gallery-1 is-layout-flex wp-block-gallery-is-layout-flex"><ul class="blocks-gallery-grid"><li class="blocks-gallery-item"><figure><img loading="lazy" decoding="async" width="1024" height="768" src="https://zen-dojo-luebeck.de/wp-content/uploads/2024/03/IMG_20220605_101947-1024x768.jpg" alt="" data-id="163" data-link="https://zen-dojo-luebeck.de/?attachment_id=163" class="wp-image-163" srcset="https://zen-dojo-luebeck.de/wp-content/uploads/2024/03/IMG_20220605_101947-1024x768.jpg 1024w, https://zen-dojo-luebeck.de/wp-content/uploads/2024/03/IMG_20220605_101947-300x225.jpg 300w, https://zen-dojo-luebeck.de/wp-content/uploads/2024/03/IMG_20220605_101947-768x576.jpg 768w, https://zen-dojo-luebeck.de/wp-content/uploads/2024/03/IMG_20220605_101947-1536x1152.jpg 1536w, https://zen-dojo-luebeck.de/wp-content/uploads/2024/03/IMG_20220605_101947-2048x1536.jpg 2048w" sizes="auto, (max-width: 706px) 89vw, (max-width: 767px) 82vw, 740px" /></figure></li></ul></figure>



<p class="has-text-align-center has-small-font-size"></p>

<p>SANDOKAI Die Harmonie von Verschiedenheit und Gleichheit Der Geist des großen Weisen aus Indien wurde direkt von Westen nach Osten übermittelt. Die Fähigkeiten des Menschen können brillant oder stumpf sein, doch kennt der Weg keine nördlichen oder südlichen Patriarchen. Die spirituelle Quelle leuchtet klar im Licht; Bäche, die sich verzweigen, fließen in der Dunkelheit. Nach &hellip; </p>
<p class="link-more"><a href="https://zen-dojo-luebeck.de/?page_id=152" class="more-link"><span class="screen-reader-text">&#8222;ZEN Texte / Unterweisungen&#8220;</span> weiterlesen</a></p>
