{"id":16,"date":"2018-05-12T16:33:54","date_gmt":"2018-05-12T16:33:54","guid":{"rendered":"http:\/\/zen-dojo-luebeck.de\/?page_id=16"},"modified":"2024-03-28T08:03:07","modified_gmt":"2024-03-28T08:03:07","slug":"das-zen-dojo","status":"publish","type":"page","link":"https:\/\/zen-dojo-luebeck.de\/","title":{"rendered":"Das Zen D\u00f4j\u00f4"},"content":{"rendered":"<p><img loading=\"lazy\" decoding=\"async\" class=\"alignnone wp-image-143 \" src=\"http:\/\/zen-dojo-luebeck.de\/wp-content\/uploads\/2024\/03\/IMG_20231014_092228_12-300x151.jpg\" alt=\"\" width=\"528\" height=\"266\" srcset=\"https:\/\/zen-dojo-luebeck.de\/wp-content\/uploads\/2024\/03\/IMG_20231014_092228_12-300x151.jpg 300w, https:\/\/zen-dojo-luebeck.de\/wp-content\/uploads\/2024\/03\/IMG_20231014_092228_12-1024x514.jpg 1024w, https:\/\/zen-dojo-luebeck.de\/wp-content\/uploads\/2024\/03\/IMG_20231014_092228_12-768x385.jpg 768w, https:\/\/zen-dojo-luebeck.de\/wp-content\/uploads\/2024\/03\/IMG_20231014_092228_12-1536x771.jpg 1536w, https:\/\/zen-dojo-luebeck.de\/wp-content\/uploads\/2024\/03\/IMG_20231014_092228_12-2048x1028.jpg 2048w\" sizes=\"auto, (max-width: 528px) 100vw, 528px\" \/><\/p>\n<p class=\"bodytext\"><strong>Das Zen-Dojo ist der Ort der \u00dcbung des Zen-Weges. Ein Ort der Stille und der Konzentration. Wenn man das Dojo betritt, ist es wesentlich, alle Handlungen mit konzentrierter Aufmerksamkeit zu tun, hier und jetzt. Man geht zu seinem Platz, dr\u00fcckt durch Gassho seinen Respekt und Dank gegen\u00fcber den anderen aus, setzt sich auf sein Kissen und beginnt mit Zazen. Im Dojo werden alle zu &#8222;Menschen des Weges&#8220;, unabh\u00e4ngig von Geschlecht und Rasse, sozialer Stellung etc.<\/strong><\/p>\n<p class=\"bodytext\"><strong>Im Mittelpunkt steht die Zazen-Praxis, die gemeinsame \u00dcbung. Im Dojo ist es nicht wichtig, der Erste zu sein, oder sich von den anderen abheben zu wollen. Man ist mit sich allein und doch mit den anderen verbunden. Unbewu\u00dft, nat\u00fcrlich, vor dem Denken, kann man so die wechselseitige Abh\u00e4ngigkeit aller Dinge untereinander verstehen, durch den ganzen K\u00f6rper.<\/strong><\/p>\n<p class=\"bodytext\"><strong><img loading=\"lazy\" decoding=\"async\" class=\"alignnone  wp-image-26\" src=\"http:\/\/zen-dojo-luebeck.de\/wp-content\/uploads\/2018\/05\/DSC_0910-300x169.jpg\" alt=\"\" width=\"527\" height=\"297\" srcset=\"https:\/\/zen-dojo-luebeck.de\/wp-content\/uploads\/2018\/05\/DSC_0910-300x169.jpg 300w, https:\/\/zen-dojo-luebeck.de\/wp-content\/uploads\/2018\/05\/DSC_0910-768x432.jpg 768w, https:\/\/zen-dojo-luebeck.de\/wp-content\/uploads\/2018\/05\/DSC_0910-1024x576.jpg 1024w\" sizes=\"auto, (max-width: 527px) 100vw, 527px\" \/><\/strong><\/p>\n<p class=\"bodytext\"><strong>Durch die Praxis des Zazen im Dojo, die Achtsamkeit und Aufmerksamkeit in jeder Handlung, findet das Gehirn sein tiefes, urspr\u00fcngliches Gleichgewicht wieder, das Bewu\u00dftsein wird ruhig, tief, umfassend. Ein solcher Geist kann das Leben in Freiheit lenken, statt durch W\u00fcnsche und \u00c4ngste bestimmt zu werden. Wir k\u00f6nnen die Hast und Unsicherheit, die uns nicht zur Ruhe kommen l\u00e4\u00dft, ablegen. Wenn uns diese Praxis in Fleisch und Blut \u00fcbergeht, so ist das Dojo kein irgendwo begrenzter Ort, sondern durch diese Geisteshaltung wird unser t\u00e4gliches Leben zum Dojo, zu unserem authentischen Lebensweg.<\/strong><\/p>\n<p>\u00a0<\/p>\n<p><img loading=\"lazy\" decoding=\"async\" class=\"wp-image-126 size-medium\" src=\"http:\/\/zen-dojo-luebeck.de\/wp-content\/uploads\/2021\/11\/Foto-Dojoleitung-scaled-e1636457101635-300x255.jpg\" alt=\"\" width=\"300\" height=\"255\" srcset=\"https:\/\/zen-dojo-luebeck.de\/wp-content\/uploads\/2021\/11\/Foto-Dojoleitung-scaled-e1636457101635-300x255.jpg 300w, https:\/\/zen-dojo-luebeck.de\/wp-content\/uploads\/2021\/11\/Foto-Dojoleitung-scaled-e1636457101635-1024x872.jpg 1024w, https:\/\/zen-dojo-luebeck.de\/wp-content\/uploads\/2021\/11\/Foto-Dojoleitung-scaled-e1636457101635-768x654.jpg 768w, https:\/\/zen-dojo-luebeck.de\/wp-content\/uploads\/2021\/11\/Foto-Dojoleitung-scaled-e1636457101635.jpg 1510w\" sizes=\"auto, (max-width: 300px) 100vw, 300px\" \/><\/p>\n<p><strong>Mechthild Hoppe<\/strong>, Jahrgang 1950, praktiziert seit Anfang 1982 den Zen-Weg. Sie ist langj\u00e4hrige Sch\u00fclerin von <a href=\"https:\/\/de.wikipedia.org\/wiki\/L._Tenryu_Tenbreul\">Zen-Meister Tenryu Tenbreul<\/a>.<\/p>\n<p>Seit 2000 leitet sie das Zen-D\u00f4j\u00f4 Gy\u00f4jin in L\u00fcbeck. Dar\u00fcber hinaus engagiert sie sich im <a href=\"http:\/\/www.zen-zentrum-schoenboeken.de\/\">Zen-Zentrum Sch\u00f6nb\u00f6ken<\/a>.<\/p>\n<p class=\"bodytext\"><strong>Frank H\u00f6gner<\/strong>, Jahrgang 1952, praktiziert seit 1988 den Zen-Weg. Auch er ist langj\u00e4hriger Sch\u00fcler von Meister Tenryu Tenbreul und im Zen-Zentrum Sch\u00f6nb\u00f6cken aktiv.<\/p>\n<p class=\"bodytext\">Seit 2021 leitet er gemeinsam mit Mechthild Hoppe das L\u00fcbecker Dojo.<\/p>\n\n\n<p><span class=\"has-inline-color has-vivid-cyan-blue-color\">Link zu weiterf\u00fchrenden Texten:<\/span><\/p>\n\n\n\n<figure class=\"wp-block-image size-full\"><a href=\"https:\/\/zenhl.wordpress.com\/\"><img loading=\"lazy\" decoding=\"async\" width=\"260\" height=\"365\" src=\"https:\/\/zen-dojo-luebeck.de\/wp-content\/uploads\/2024\/03\/ZEN-HL.png\" alt=\"Link zum Blo ZEN HL\nTexte - Ideen - Anregungen\" class=\"wp-image-170\" srcset=\"https:\/\/zen-dojo-luebeck.de\/wp-content\/uploads\/2024\/03\/ZEN-HL.png 260w, https:\/\/zen-dojo-luebeck.de\/wp-content\/uploads\/2024\/03\/ZEN-HL-214x300.png 214w\" sizes=\"auto, (max-width: 260px) 100vw, 260px\" \/><\/a><\/figure>\n\n\n\n<p><\/p>\n","protected":false},"excerpt":{"rendered":"<p>Das Zen-Dojo ist der Ort der \u00dcbung des Zen-Weges. Ein Ort der Stille und der Konzentration. Wenn man das Dojo betritt, ist es wesentlich, alle Handlungen mit konzentrierter Aufmerksamkeit zu tun, hier und jetzt. Man geht zu seinem Platz, dr\u00fcckt durch Gassho seinen Respekt und Dank gegen\u00fcber den anderen aus, setzt sich auf sein Kissen &hellip; <\/p>\n<p class=\"link-more\"><a href=\"https:\/\/zen-dojo-luebeck.de\/\" class=\"more-link\"><span class=\"screen-reader-text\">&#8222;Das Zen D\u00f4j\u00f4&#8220;<\/span> weiterlesen<\/a><\/p>\n","protected":false},"author":1,"featured_media":17,"parent":0,"menu_order":0,"comment_status":"closed","ping_status":"closed","template":"","meta":{"footnotes":""},"class_list":["post-16","page","type-page","status-publish","has-post-thumbnail","hentry"],"_links":{"self":[{"href":"https:\/\/zen-dojo-luebeck.de\/index.php?rest_route=\/wp\/v2\/pages\/16","targetHints":{"allow":["GET"]}}],"collection":[{"href":"https:\/\/zen-dojo-luebeck.de\/index.php?rest_route=\/wp\/v2\/pages"}],"about":[{"href":"https:\/\/zen-dojo-luebeck.de\/index.php?rest_route=\/wp\/v2\/types\/page"}],"author":[{"embeddable":true,"href":"https:\/\/zen-dojo-luebeck.de\/index.php?rest_route=\/wp\/v2\/users\/1"}],"replies":[{"embeddable":true,"href":"https:\/\/zen-dojo-luebeck.de\/index.php?rest_route=%2Fwp%2Fv2%2Fcomments&post=16"}],"version-history":[{"count":19,"href":"https:\/\/zen-dojo-luebeck.de\/index.php?rest_route=\/wp\/v2\/pages\/16\/revisions"}],"predecessor-version":[{"id":172,"href":"https:\/\/zen-dojo-luebeck.de\/index.php?rest_route=\/wp\/v2\/pages\/16\/revisions\/172"}],"wp:featuredmedia":[{"embeddable":true,"href":"https:\/\/zen-dojo-luebeck.de\/index.php?rest_route=\/wp\/v2\/media\/17"}],"wp:attachment":[{"href":"https:\/\/zen-dojo-luebeck.de\/index.php?rest_route=%2Fwp%2Fv2%2Fmedia&parent=16"}],"curies":[{"name":"wp","href":"https:\/\/api.w.org\/{rel}","templated":true}]}}

Das Zen Dôjô

<p><img loading="lazy" decoding="async" class="alignnone wp-image-143 " src="http://zen-dojo-luebeck.de/wp-content/uploads/2024/03/IMG_20231014_092228_12-300x151.jpg" alt="" width="528" height="266" srcset="https://zen-dojo-luebeck.de/wp-content/uploads/2024/03/IMG_20231014_092228_12-300x151.jpg 300w, https://zen-dojo-luebeck.de/wp-content/uploads/2024/03/IMG_20231014_092228_12-1024x514.jpg 1024w, https://zen-dojo-luebeck.de/wp-content/uploads/2024/03/IMG_20231014_092228_12-768x385.jpg 768w, https://zen-dojo-luebeck.de/wp-content/uploads/2024/03/IMG_20231014_092228_12-1536x771.jpg 1536w, https://zen-dojo-luebeck.de/wp-content/uploads/2024/03/IMG_20231014_092228_12-2048x1028.jpg 2048w" sizes="auto, (max-width: 528px) 100vw, 528px" /></p>
<p class="bodytext"><strong>Das Zen-Dojo ist der Ort der Übung des Zen-Weges. Ein Ort der Stille und der Konzentration. Wenn man das Dojo betritt, ist es wesentlich, alle Handlungen mit konzentrierter Aufmerksamkeit zu tun, hier und jetzt. Man geht zu seinem Platz, drückt durch Gassho seinen Respekt und Dank gegenüber den anderen aus, setzt sich auf sein Kissen und beginnt mit Zazen. Im Dojo werden alle zu &#8222;Menschen des Weges&#8220;, unabhängig von Geschlecht und Rasse, sozialer Stellung etc.</strong></p>
<p class="bodytext"><strong>Im Mittelpunkt steht die Zazen-Praxis, die gemeinsame Übung. Im Dojo ist es nicht wichtig, der Erste zu sein, oder sich von den anderen abheben zu wollen. Man ist mit sich allein und doch mit den anderen verbunden. Unbewußt, natürlich, vor dem Denken, kann man so die wechselseitige Abhängigkeit aller Dinge untereinander verstehen, durch den ganzen Körper.</strong></p>
<p class="bodytext"><strong><img loading="lazy" decoding="async" class="alignnone  wp-image-26" src="http://zen-dojo-luebeck.de/wp-content/uploads/2018/05/DSC_0910-300x169.jpg" alt="" width="527" height="297" srcset="https://zen-dojo-luebeck.de/wp-content/uploads/2018/05/DSC_0910-300x169.jpg 300w, https://zen-dojo-luebeck.de/wp-content/uploads/2018/05/DSC_0910-768x432.jpg 768w, https://zen-dojo-luebeck.de/wp-content/uploads/2018/05/DSC_0910-1024x576.jpg 1024w" sizes="auto, (max-width: 527px) 100vw, 527px" /></strong></p>
<p class="bodytext"><strong>Durch die Praxis des Zazen im Dojo, die Achtsamkeit und Aufmerksamkeit in jeder Handlung, findet das Gehirn sein tiefes, ursprüngliches Gleichgewicht wieder, das Bewußtsein wird ruhig, tief, umfassend. Ein solcher Geist kann das Leben in Freiheit lenken, statt durch Wünsche und Ängste bestimmt zu werden. Wir können die Hast und Unsicherheit, die uns nicht zur Ruhe kommen läßt, ablegen. Wenn uns diese Praxis in Fleisch und Blut übergeht, so ist das Dojo kein irgendwo begrenzter Ort, sondern durch diese Geisteshaltung wird unser tägliches Leben zum Dojo, zu unserem authentischen Lebensweg.</strong></p>
<p> </p>
<p><img loading="lazy" decoding="async" class="wp-image-126 size-medium" src="http://zen-dojo-luebeck.de/wp-content/uploads/2021/11/Foto-Dojoleitung-scaled-e1636457101635-300x255.jpg" alt="" width="300" height="255" srcset="https://zen-dojo-luebeck.de/wp-content/uploads/2021/11/Foto-Dojoleitung-scaled-e1636457101635-300x255.jpg 300w, https://zen-dojo-luebeck.de/wp-content/uploads/2021/11/Foto-Dojoleitung-scaled-e1636457101635-1024x872.jpg 1024w, https://zen-dojo-luebeck.de/wp-content/uploads/2021/11/Foto-Dojoleitung-scaled-e1636457101635-768x654.jpg 768w, https://zen-dojo-luebeck.de/wp-content/uploads/2021/11/Foto-Dojoleitung-scaled-e1636457101635.jpg 1510w" sizes="auto, (max-width: 300px) 100vw, 300px" /></p>
<p><strong>Mechthild Hoppe</strong>, Jahrgang 1950, praktiziert seit Anfang 1982 den Zen-Weg. Sie ist langjährige Schülerin von <a href="https://de.wikipedia.org/wiki/L._Tenryu_Tenbreul">Zen-Meister Tenryu Tenbreul</a>.</p>
<p>Seit 2000 leitet sie das Zen-Dôjô Gyôjin in Lübeck. Darüber hinaus engagiert sie sich im <a href="http://www.zen-zentrum-schoenboeken.de/">Zen-Zentrum Schönböken</a>.</p>
<p class="bodytext"><strong>Frank Högner</strong>, Jahrgang 1952, praktiziert seit 1988 den Zen-Weg. Auch er ist langjähriger Schüler von Meister Tenryu Tenbreul und im Zen-Zentrum Schönböcken aktiv.</p>
<p class="bodytext">Seit 2021 leitet er gemeinsam mit Mechthild Hoppe das Lübecker Dojo.</p>


<p><span class="has-inline-color has-vivid-cyan-blue-color">Link zu weiterführenden Texten:</span></p>



<figure class="wp-block-image size-full"><a href="https://zenhl.wordpress.com/"><img loading="lazy" decoding="async" width="260" height="365" src="https://zen-dojo-luebeck.de/wp-content/uploads/2024/03/ZEN-HL.png" alt="Link zum Blo ZEN HL
Texte - Ideen - Anregungen" class="wp-image-170" srcset="https://zen-dojo-luebeck.de/wp-content/uploads/2024/03/ZEN-HL.png 260w, https://zen-dojo-luebeck.de/wp-content/uploads/2024/03/ZEN-HL-214x300.png 214w" sizes="auto, (max-width: 260px) 100vw, 260px" /></a></figure>



<p></p>

<p>Das Zen-Dojo ist der Ort der Übung des Zen-Weges. Ein Ort der Stille und der Konzentration. Wenn man das Dojo betritt, ist es wesentlich, alle Handlungen mit konzentrierter Aufmerksamkeit zu tun, hier und jetzt. Man geht zu seinem Platz, drückt durch Gassho seinen Respekt und Dank gegenüber den anderen aus, setzt sich auf sein Kissen &hellip; </p>
<p class="link-more"><a href="https://zen-dojo-luebeck.de/" class="more-link"><span class="screen-reader-text">&#8222;Das Zen Dôjô&#8220;</span> weiterlesen</a></p>
